{"id":269,"date":"2020-11-03T10:58:27","date_gmt":"2020-11-03T10:58:27","guid":{"rendered":"https:\/\/demosdivi.lovelyconfetti.com\/oliviapro\/?page_id=269"},"modified":"2021-04-23T14:34:13","modified_gmt":"2021-04-23T12:34:13","slug":"home3","status":"publish","type":"page","link":"https:\/\/latouchedesign.be\/","title":{"rendered":"01 \u2022 HOME"},"content":{"rendered":"<p>[et_pb_section fb_built=&#8221;1&#8243; fullwidth=&#8221;on&#8221; _builder_version=&#8221;4.7.7&#8243; _module_preset=&#8221;default&#8221; background_image=&#8221;https:\/\/latouchedesign.be\/wp-content\/uploads\/2021\/03\/image2.jpeg&#8221; custom_margin=&#8221;-110px||||false|false&#8221;][et_pb_fullwidth_header title=&#8221;Le Design d&#8217;int\u00e9rieur est un language qui permet de refl\u00e9ter votre style de vie \u00e0 travers un lieu, votre int\u00e9rieur.&#8221; text_orientation=&#8221;center&#8221; header_fullscreen=&#8221;on&#8221; button_one_text=&#8221;d\u00e9couvrir nos formules&#8221; button_one_url=&#8221;https:\/\/latouchedesign.be\/?page_id=220156&#8243; background_overlay_color=&#8221;rgba(0,0,0,0.43)&#8221; content_tablet=&#8221;&#8221; content_phone=&#8221;&#8221; content_last_edited=&#8221;on|desktop&#8221; _builder_version=&#8221;4.7.7&#8243; _module_preset=&#8221;default&#8221; title_font_size=&#8221;50px&#8221; content_font_size=&#8221;20px&#8221; content_line_height=&#8221;1.9em&#8221; background_enable_color=&#8221;off&#8221; custom_button_one=&#8221;on&#8221; button_one_bg_color=&#8221;#000000&#8243; button_one_border_color=&#8221;#000000&#8243; custom_padding=&#8221;69px||32px|||&#8221; title_font_size_tablet=&#8221;31px&#8221; title_font_size_phone=&#8221;30px&#8221; title_font_size_last_edited=&#8221;on|phone&#8221;]<\/p>\n<p>Je vous accompagnerais pour que vous ayez l&#8217;harmonie parfaite.<\/p>\n<p>[\/et_pb_fullwidth_header][\/et_pb_section][et_pb_section fb_built=&#8221;1&#8243; _builder_version=&#8221;4.7.7&#8243; _module_preset=&#8221;default&#8221; custom_padding=&#8221;0px||2px|||&#8221;][et_pb_row _builder_version=&#8221;4.7.7&#8243; _module_preset=&#8221;default&#8221;][et_pb_column type=&#8221;4_4&#8243; _builder_version=&#8221;4.7.7&#8243; _module_preset=&#8221;default&#8221;][et_pb_text _builder_version=&#8221;4.7.7&#8243; _module_preset=&#8221;default&#8221; text_font_size=&#8221;18px&#8221; header_2_font_size=&#8221;50px&#8221; header_2_line_height=&#8221;1.4em&#8221; custom_padding=&#8221;||0px|||&#8221;]<\/p>\n<h2 class=\"et_pb_module_header\" style=\"text-align: center;\"><span style=\"font-size: xx-large;\">La touche Design<\/span><\/h2>\n<p>[\/et_pb_text][\/et_pb_column][\/et_pb_row][\/et_pb_section][et_pb_section fb_built=&#8221;1&#8243; _builder_version=&#8221;4.6.6&#8243; _module_preset=&#8221;default&#8221; custom_margin=&#8221;-122px|||||&#8221; custom_padding=&#8221;0px||16px|||&#8221;][et_pb_row column_structure=&#8221;1_3,1_3,1_3&#8243; use_custom_gutter=&#8221;on&#8221; gutter_width=&#8221;3&#8243; make_equal=&#8221;on&#8221; _builder_version=&#8221;4.7.7&#8243; _module_preset=&#8221;default&#8221; max_width=&#8221;100%&#8221; module_alignment=&#8221;center&#8221; custom_margin=&#8221;91px|auto||auto|false|false&#8221; custom_margin_tablet=&#8221;&#8221; custom_margin_phone=&#8221;78px||||false|false&#8221; custom_margin_last_edited=&#8221;on|phone&#8221; custom_padding=&#8221;27px|||||&#8221; animation_style=&#8221;fade&#8221;][et_pb_column type=&#8221;1_3&#8243; _builder_version=&#8221;4.6.6&#8243; _module_preset=&#8221;default&#8221;][et_pb_image src=&#8221;https:\/\/latouchedesign.be\/wp-content\/uploads\/2021\/03\/image0-1.jpeg&#8221; title_text=&#8221;image0&#8243; _builder_version=&#8221;4.7.7&#8243; _module_preset=&#8221;default&#8221; custom_margin=&#8221;-3px|||||&#8221;][\/et_pb_image][\/et_pb_column][et_pb_column type=&#8221;1_3&#8243; _builder_version=&#8221;4.6.6&#8243; _module_preset=&#8221;default&#8221; custom_css_main_element=&#8221;display: flex;||flex-direction: column;||justify-content: center;&#8221;][et_pb_text _builder_version=&#8221;4.7.7&#8243; _module_preset=&#8221;default&#8221; text_font_size=&#8221;17px&#8221; text_letter_spacing=&#8221;1px&#8221; text_line_height=&#8221;2em&#8221; header_2_text_align=&#8221;center&#8221; header_2_font_size=&#8221;60px&#8221; header_2_line_height=&#8221;1.3em&#8221; text_orientation=&#8221;center&#8221; hover_enabled=&#8221;0&#8243; text_font_size_tablet=&#8221;&#8221; text_font_size_phone=&#8221;17px&#8221; text_font_size_last_edited=&#8221;on|phone&#8221; sticky_enabled=&#8221;0&#8243;]<\/p>\n<p style=\"text-align: center;\"><span size=\"1\">L&#8217;essence d&#8217;un projet est l&#8217;harmonie parfaite entre le beau, l&#8217;utile et le juste. C&#8217;est pour moi, ce qui repr\u00e9sente le mieux mon travail.<br \/> Allier technique et bien-\u00eatre dans votre int\u00e9rieur est primordial. Le but \u00e9tant d&#8217;avoir un int\u00e9rieur qui vous correspond et o\u00f9 vous vous sentez bien. Car comme vous le savez, des milliers de souvenirs se cr\u00e9ent dans ces espaces o\u00f9 l&#8217;on passe \u00e9norm\u00e9ment de temps en familles et avec les amis.<\/span><\/p>\n<p style=\"text-align: center;\"><span size=\"1\"><\/span><\/p>\n<p>[\/et_pb_text][et_pb_divider divider_weight=&#8221;1px&#8221; _builder_version=&#8221;4.6.6&#8243; _module_preset=&#8221;default&#8221; width=&#8221;20%&#8221; module_alignment=&#8221;center&#8221; custom_margin=&#8221;||||false|false&#8221; custom_css_main_element=&#8221;  transform: rotate(90deg);||&#8221;][\/et_pb_divider][\/et_pb_column][et_pb_column type=&#8221;1_3&#8243; _builder_version=&#8221;4.6.6&#8243; _module_preset=&#8221;default&#8221;][et_pb_image src=&#8221;https:\/\/latouchedesign.be\/wp-content\/uploads\/2021\/03\/image1.jpeg&#8221; title_text=&#8221;image1&#8243; _builder_version=&#8221;4.7.7&#8243; _module_preset=&#8221;default&#8221; custom_margin=&#8221;2%||||false|false&#8221; hover_enabled=&#8221;0&#8243; sticky_enabled=&#8221;0&#8243;][\/et_pb_image][\/et_pb_column][\/et_pb_row][\/et_pb_section][et_pb_section fb_built=&#8221;1&#8243; _builder_version=&#8221;4.7.7&#8243; _module_preset=&#8221;default&#8221; background_color=&#8221;rgba(224,214,197,0.45)&#8221; background_enable_image=&#8221;off&#8221; background_blend=&#8221;multiply&#8221; custom_padding=&#8221;0px||0px|||&#8221;][et_pb_row column_structure=&#8221;1_3,1_3,1_3&#8243; use_custom_gutter=&#8221;on&#8221; make_equal=&#8221;on&#8221; _builder_version=&#8221;4.7.7&#8243; _module_preset=&#8221;default&#8221; max_width=&#8221;100%&#8221; custom_padding=&#8221;58px|||||&#8221; animation_style=&#8221;fade&#8221;][et_pb_column type=&#8221;1_3&#8243; _builder_version=&#8221;4.6.6&#8243; _module_preset=&#8221;default&#8221;][et_pb_text _builder_version=&#8221;4.7.7&#8243; _module_preset=&#8221;default&#8221; text_text_color=&#8221;#000000&#8243; text_letter_spacing=&#8221;2px&#8221; header_text_color=&#8221;#000000&#8243; header_2_text_align=&#8221;center&#8221; header_2_font_size=&#8221;40px&#8221; text_orientation=&#8221;center&#8221; background_layout=&#8221;dark&#8221; custom_padding=&#8221;||0px|||&#8221; link_option_url=&#8221;https:\/\/latouchedesign.be\/?page_id=220156&#8243; hover_enabled=&#8221;0&#8243; inline_fonts=&#8221;Adamina&#8221; sticky_enabled=&#8221;0&#8243;]<\/p>\n<h2><span style=\"color: #000000; font-family: Adamina; font-weight: normal;\">01.<\/span><\/h2>\n<h2><span color=\"#000000\" style=\"color: #000000;\"><span style=\"caret-color: #000000;\"><span style=\"font-size: xx-large;\">FORMULES<\/span>\u00a0<\/span><\/span><\/h2>\n<p>Vous trouverez ici toutes mes formules d\u00e9taill\u00e9es.<\/p>\n<p>&nbsp;<\/p>\n<p>[\/et_pb_text][\/et_pb_column][et_pb_column type=&#8221;1_3&#8243; _builder_version=&#8221;4.6.6&#8243; _module_preset=&#8221;default&#8221;][et_pb_text _builder_version=&#8221;4.7.7&#8243; _module_preset=&#8221;default&#8221; text_text_color=&#8221;#000000&#8243; text_letter_spacing=&#8221;2px&#8221; header_text_color=&#8221;#000000&#8243; header_2_text_align=&#8221;center&#8221; header_2_font_size=&#8221;40px&#8221; text_orientation=&#8221;center&#8221; background_layout=&#8221;dark&#8221; link_option_url=&#8221;https:\/\/latouchedesign.be\/?page_id=113&#8243; inline_fonts=&#8221;Adamina&#8221;]<\/p>\n<h2><span style=\"color: #000000; font-family: Adamina; font-weight: normal;\">02.<\/span><\/h2>\n<h2><span color=\"#000000\" style=\"color: #000000; font-size: xx-large;\"><span style=\"caret-color: #000000;\">R\u00c9ALISATIONS\u00a0<\/span><\/span><\/h2>\n<p>Des avants\/apr\u00e8s de quelques unes de mes r\u00e9alisations. \u00a0<\/p>\n<p>&nbsp;<\/p>\n<p>[\/et_pb_text][\/et_pb_column][et_pb_column type=&#8221;1_3&#8243; _builder_version=&#8221;4.6.6&#8243; _module_preset=&#8221;default&#8221;][et_pb_text _builder_version=&#8221;4.7.7&#8243; _module_preset=&#8221;default&#8221; text_letter_spacing=&#8221;2px&#8221; header_2_text_align=&#8221;center&#8221; header_2_font_size=&#8221;40px&#8221; text_orientation=&#8221;center&#8221; background_layout=&#8221;dark&#8221; link_option_url=&#8221;https:\/\/latouchedesign.be\/?page_id=120&#8243; inline_fonts=&#8221;Adamina&#8221;]<\/p>\n<h2><span style=\"color: #000000; font-family: Adamina;\">03.<\/span><\/h2>\n<h2><span color=\"#000000\" style=\"color: #000000; font-size: xx-large;\"><span style=\"caret-color: #000000;\">PRENDRE RDV<\/span><\/span><\/h2>\n<p><span color=\"#000000\" style=\"color: #000000;\"><span style=\"caret-color: #000000;\">Vous souhaitez bloqu\u00e9 une heure de rdv directement ? C&#8217;est par ici!<\/span><\/span><\/p>\n<p>[\/et_pb_text][\/et_pb_column][\/et_pb_row][\/et_pb_section][et_pb_section fb_built=&#8221;1&#8243; _builder_version=&#8221;4.6.6&#8243; _module_preset=&#8221;default&#8221; background_image=&#8221;https:\/\/latouchedesign.be\/wp-content\/uploads\/2020\/10\/Leaf-and-Flower-background.png&#8221; background_size=&#8221;contain&#8221; custom_margin=&#8221;2.5%||||false|false&#8221; custom_padding=&#8221;15px|1px|57px|||&#8221;][et_pb_row use_custom_gutter=&#8221;on&#8221; make_equal=&#8221;on&#8221; _builder_version=&#8221;4.6.6&#8243; _module_preset=&#8221;default&#8221; max_width=&#8221;100%&#8221; custom_margin=&#8221;-9px|auto||auto||&#8221; custom_padding=&#8221;0px|||||&#8221;][et_pb_column type=&#8221;4_4&#8243; _builder_version=&#8221;4.6.6&#8243; _module_preset=&#8221;default&#8221;][et_pb_text _builder_version=&#8221;4.7.7&#8243; _module_preset=&#8221;default&#8221; text_font=&#8221;Abhaya Libre||||||||&#8221; text_font_size=&#8221;28px&#8221; custom_margin_tablet=&#8221;18px||||false|false&#8221; custom_margin_phone=&#8221;42px||||false|false&#8221; custom_margin_last_edited=&#8221;on|phone&#8221; text_font_size_tablet=&#8221;&#8221; text_font_size_phone=&#8221;&#8221; text_font_size_last_edited=&#8221;on|phone&#8221;]<\/p>\n<p style=\"text-align: center;\">Cr\u00e9er un habitat qui prend naissance avec vos id\u00e9es.<\/p>\n<p>[\/et_pb_text][\/et_pb_column][\/et_pb_row][et_pb_row column_structure=&#8221;1_3,1_3,1_3&#8243; use_custom_gutter=&#8221;on&#8221; make_equal=&#8221;on&#8221; _builder_version=&#8221;4.7.7&#8243; _module_preset=&#8221;default&#8221; max_width=&#8221;100%&#8221; module_alignment=&#8221;center&#8221; custom_margin=&#8221;-2.3%|auto||auto|false|false&#8221; animation_style=&#8221;fade&#8221;][et_pb_column type=&#8221;1_3&#8243; _builder_version=&#8221;4.6.6&#8243; _module_preset=&#8221;default&#8221;][et_pb_blurb title=&#8221;Formule Coaching D\u00e9co&#8221; image=&#8221;https:\/\/latouchedesign.be\/wp-content\/uploads\/2021\/03\/image2-2-scaled.jpeg&#8221; content_max_width=&#8221;600px&#8221; _builder_version=&#8221;4.7.7&#8243; _module_preset=&#8221;default&#8221; header_level=&#8221;h3&#8243; header_font_size=&#8221;26px&#8221;]<\/p>\n<p><span>Mes id\u00e9es, mes solutions, une planche d&#8217;inspiration, tout cela dans un compte rendu d\u00e9taill\u00e9 qui vous sera envoy\u00e9 par email&#8230;<\/span><\/p>\n<p>[\/et_pb_blurb][\/et_pb_column][et_pb_column type=&#8221;1_3&#8243; _builder_version=&#8221;4.6.6&#8243; _module_preset=&#8221;default&#8221;][et_pb_blurb title=&#8221;Formule Home Staging&#8221; image=&#8221;https:\/\/latouchedesign.be\/wp-content\/uploads\/2021\/03\/image-scaled.jpeg&#8221; content_max_width=&#8221;600px&#8221; _builder_version=&#8221;4.7.7&#8243; _module_preset=&#8221;default&#8221; header_level=&#8221;h3&#8243; header_font_size=&#8221;26px&#8221; custom_margin=&#8221;0px||||false|false&#8221;]<\/p>\n<p>Cette formule correspond aux personnes qui souhaitent rafra\u00eechir leur int\u00e9rieur sans se ruiner et en gardant une partie de leur meubles&#8230;\u00a0<\/p>\n<p>[\/et_pb_blurb][\/et_pb_column][et_pb_column type=&#8221;1_3&#8243; _builder_version=&#8221;4.6.6&#8243; _module_preset=&#8221;default&#8221;][et_pb_blurb title=&#8221;Formule Coach D\u00e9co Approfondi&#8221; image=&#8221;https:\/\/latouchedesign.be\/wp-content\/uploads\/2021\/03\/image0-2.jpeg&#8221; content_max_width=&#8221;600px&#8221; _builder_version=&#8221;4.7.7&#8243; _module_preset=&#8221;default&#8221; header_level=&#8221;h3&#8243; header_font_size=&#8221;26px&#8221; custom_margin=&#8221;0px||||false|false&#8221;]<\/p>\n<p>Cette formule est d\u00e9di\u00e9e aux particuliers et aux professionnels, pour un accompagnement encore plus personnalis\u00e9&#8230;<\/p>\n<p>[\/et_pb_blurb][\/et_pb_column][\/et_pb_row][et_pb_row _builder_version=&#8221;4.7.7&#8243; _module_preset=&#8221;default&#8221;][et_pb_column type=&#8221;4_4&#8243; _builder_version=&#8221;4.7.7&#8243; _module_preset=&#8221;default&#8221;][et_pb_button button_url=&#8221;https:\/\/latouchedesign.be\/?page_id=220156&#8243; button_text=&#8221;En savoir plus sur nos diff\u00e9rentes formules &#8221; button_alignment=&#8221;center&#8221; _builder_version=&#8221;4.7.7&#8243; _module_preset=&#8221;default&#8221; custom_button=&#8221;on&#8221; button_text_color=&#8221;#ffffff&#8221; button_bg_color=&#8221;#000000&#8243; button_border_color=&#8221;#000000&#8243; animation_style=&#8221;fade&#8221; hover_enabled=&#8221;0&#8243; sticky_enabled=&#8221;0&#8243;][\/et_pb_button][\/et_pb_column][\/et_pb_row][\/et_pb_section][et_pb_section fb_built=&#8221;1&#8243; _builder_version=&#8221;4.7.7&#8243; _module_preset=&#8221;default&#8221; background_color=&#8221;rgba(224,216,201,0.35)&#8221; background_enable_image=&#8221;off&#8221; background_blend=&#8221;multiply&#8221; custom_padding=&#8221;||26px|||&#8221; animation_style=&#8221;fade&#8221;][et_pb_row use_custom_gutter=&#8221;on&#8221; make_equal=&#8221;on&#8221; _builder_version=&#8221;4.6.6&#8243; background_size=&#8221;initial&#8221; background_position=&#8221;top_left&#8221; background_repeat=&#8221;repeat&#8221; max_width=&#8221;100%&#8221; custom_margin=&#8221;-53px|auto||auto||&#8221;][et_pb_column type=&#8221;4_4&#8243; _builder_version=&#8221;4.6.6&#8243; background_color=&#8221;rgba(0,0,0,0)&#8221; custom_padding=&#8221;|||&#8221; custom_padding__hover=&#8221;|||&#8221;][et_pb_text _builder_version=&#8221;4.7.7&#8243; _module_preset=&#8221;default&#8221; text_font=&#8221;Abhaya Libre||||||||&#8221; text_font_size=&#8221;28px&#8221;]<\/p>\n<p style=\"text-align: center;\">Ils nous ont fait confiance!<\/p>\n<p>[\/et_pb_text][\/et_pb_column][\/et_pb_row][et_pb_row column_structure=&#8221;1_3,1_3,1_3&#8243; use_custom_gutter=&#8221;on&#8221; make_equal=&#8221;on&#8221; _builder_version=&#8221;4.7.7&#8243; background_size=&#8221;initial&#8221; background_position=&#8221;top_left&#8221; background_repeat=&#8221;repeat&#8221; max_width=&#8221;100%&#8221; custom_margin=&#8221;-27px|auto||auto||&#8221;][et_pb_column type=&#8221;1_3&#8243; _builder_version=&#8221;4.7.7&#8243; background_color=&#8221;rgba(0,0,0,0)&#8221; custom_padding=&#8221;|||&#8221; custom_padding__hover=&#8221;|||&#8221;][et_pb_blurb title=&#8221;Samia b.&#8221; url=&#8221;http:\/\/demosdivi.lovelyconfetti.com\/olivia\/pricing-table\/&#8221; module_class=&#8221;olivia-service_block&#8221; _builder_version=&#8221;4.7.7&#8243; header_level=&#8221;h3&#8243; header_font=&#8221;|||on|||||&#8221; header_text_align=&#8221;center&#8221; header_font_size=&#8221;24px&#8221; header_letter_spacing=&#8221;2px&#8221; header_line_height=&#8221;1.6em&#8221; link_option_url=&#8221;http:\/\/demosdivi.lovelyconfetti.com\/olivia\/pricing-table\/&#8221; custom_css_blurb_image=&#8221;max-width:60px;&#8221; border_color_all_image=&#8221;#000000&#8243;]<\/p>\n<p><em>J&#8217;ai fait appel aux talents d&#8217;Imane et j&#8217;en suis ravie. Elle a \u00e9t\u00e9 tr\u00e9s disponible, professionnelle, patiente. Je ne peux que la recommander. Mon salon revit gr\u00e2ce \u00e0 elle. Merci \u00e0 cette GRANDE d\u00e9coratrice.<\/em><\/p>\n<p>[\/et_pb_blurb][\/et_pb_column][et_pb_column type=&#8221;1_3&#8243; _builder_version=&#8221;3.25&#8243; custom_padding=&#8221;|||&#8221; custom_padding__hover=&#8221;|||&#8221;][et_pb_blurb title=&#8221;The caftan by ss&#8221; url=&#8221;http:\/\/demosdivi.lovelyconfetti.com\/olivia\/filterable-portfolio\/&#8221; module_class=&#8221;olivia-service_block&#8221; _builder_version=&#8221;4.7.7&#8243; header_level=&#8221;h3&#8243; header_font=&#8221;|||on|||||&#8221; header_text_align=&#8221;center&#8221; header_font_size=&#8221;24px&#8221; header_letter_spacing=&#8221;2px&#8221; header_line_height=&#8221;1.7em&#8221; link_option_url=&#8221;http:\/\/demosdivi.lovelyconfetti.com\/olivia\/filterable-portfolio\/&#8221; custom_css_blurb_image=&#8221;max-width:60px;&#8221;]<\/p>\n<p>Mon associ\u00e9e et moi m\u00eame avons confi\u00e9 l&#8217;am\u00e9nagement et la d\u00e9coration de notre showroom \u00e0 Imane. Une t\u00e2che tr\u00e9s lourde qui devait nous repr\u00e9senter et \u00eatre \u00e0 la hauteur d&#8217;un showroom de haute couture.<\/p>\n<p>[\/et_pb_blurb][\/et_pb_column][et_pb_column type=&#8221;1_3&#8243; _builder_version=&#8221;3.25&#8243; custom_padding=&#8221;|||&#8221; custom_padding__hover=&#8221;|||&#8221;][et_pb_blurb title=&#8221;Houda a.&#8221; url=&#8221;http:\/\/demosdivi.lovelyconfetti.com\/olivia\/contact\/&#8221; module_class=&#8221;olivia-service_block&#8221; _builder_version=&#8221;4.7.7&#8243; header_level=&#8221;h3&#8243; header_font=&#8221;|||on|||||&#8221; header_text_align=&#8221;center&#8221; header_font_size=&#8221;24px&#8221; header_letter_spacing=&#8221;2px&#8221; header_line_height=&#8221;1.6em&#8221; link_option_url=&#8221;http:\/\/demosdivi.lovelyconfetti.com\/olivia\/contact\/&#8221; custom_css_blurb_image=&#8221;max-width:60px;&#8221;]<\/p>\n<p>Imane a su m&#8217;aider pour l&#8217;am\u00e9nagement et l&#8217;agencement de la chanbre de ma fille. Ses id\u00e9es m&#8217;ont tellement aid\u00e9, me reste le parquet \u00e0 poser et je vous envois le rendu final. Merci encore Imane.\u00a0<\/p>\n<p>[\/et_pb_blurb][\/et_pb_column][\/et_pb_row][et_pb_row _builder_version=&#8221;4.7.7&#8243; _module_preset=&#8221;default&#8221;][et_pb_column type=&#8221;4_4&#8243; _builder_version=&#8221;4.7.7&#8243; _module_preset=&#8221;default&#8221;][et_pb_button button_url=&#8221;https:\/\/latouchedesign.be\/?page_id=220509&#8243; button_text=&#8221;+ d&#8217;avis clients&#8221; button_alignment=&#8221;center&#8221; _builder_version=&#8221;4.7.7&#8243; _module_preset=&#8221;default&#8221; custom_button=&#8221;on&#8221; button_text_color=&#8221;#ffffff&#8221; button_bg_color=&#8221;#000000&#8243; button_border_color=&#8221;#000000&#8243;][\/et_pb_button][\/et_pb_column][\/et_pb_row][\/et_pb_section][et_pb_section fb_built=&#8221;1&#8243; _builder_version=&#8221;4.7.7&#8243; background_color=&#8221;rgba(0,0,0,0.45)&#8221; background_image=&#8221;https:\/\/latouchedesign.be\/wp-content\/uploads\/2021\/03\/image0-2.jpeg&#8221; background_blend=&#8221;multiply&#8221; custom_margin=&#8221;-0.2%||||false|false&#8221; animation_style=&#8221;fade&#8221;][et_pb_row _builder_version=&#8221;4.7.7&#8243; _module_preset=&#8221;default&#8221; custom_padding=&#8221;|||26px||&#8221;][et_pb_column type=&#8221;4_4&#8243; _builder_version=&#8221;4.7.7&#8243; _module_preset=&#8221;default&#8221;][et_pb_text _builder_version=&#8221;4.7.7&#8243; _module_preset=&#8221;default&#8221; text_font=&#8221;Abhaya Libre||||||||&#8221; text_text_color=&#8221;#ffffff&#8221; text_font_size=&#8221;28px&#8221; text_text_color_tablet=&#8221;&#8221; text_text_color_phone=&#8221;&#8221; text_text_color_last_edited=&#8221;on|phone&#8221;]<\/p>\n<p style=\"text-align: center;\">&#8221; Le Design d&#8217;int\u00e9rieur est l&#8217;art et la mani\u00e8re de cr\u00e9er des espaces beaux et fonctionnels. &#8220;<\/p>\n<p>[\/et_pb_text][\/et_pb_column][\/et_pb_row][\/et_pb_section]<\/p>\n","protected":false},"excerpt":{"rendered":"<p>[et_pb_section fb_built=&#8221;1&#8243; fullwidth=&#8221;on&#8221; _builder_version=&#8221;4.7.7&#8243; _module_preset=&#8221;default&#8221; background_image=&#8221;https:\/\/latouchedesign.be\/wp-content\/uploads\/2021\/03\/image2.jpeg&#8221; custom_margin=&#8221;-110px||||false|false&#8221;][et_pb_fullwidth_header title=&#8221;Le Design d&#8217;int\u00e9rieur est un language qui permet de refl\u00e9ter votre style de vie \u00e0 travers un lieu, votre int\u00e9rieur.&#8221; text_orientation=&#8221;center&#8221; header_fullscreen=&#8221;on&#8221; button_one_text=&#8221;d\u00e9couvrir nos formules&#8221; button_one_url=&#8221;https:\/\/latouchedesign.be\/?page_id=220156&#8243; background_overlay_color=&#8221;rgba(0,0,0,0.43)&#8221; content_tablet=&#8221;&#8221; content_phone=&#8221;&#8221; content_last_edited=&#8221;on|desktop&#8221; _builder_version=&#8221;4.7.7&#8243; _module_preset=&#8221;default&#8221; title_font_size=&#8221;50px&#8221; content_font_size=&#8221;20px&#8221; content_line_height=&#8221;1.9em&#8221; background_enable_color=&#8221;off&#8221; custom_button_one=&#8221;on&#8221; button_one_bg_color=&#8221;#000000&#8243; button_one_border_color=&#8221;#000000&#8243; custom_padding=&#8221;69px||32px|||&#8221; title_font_size_tablet=&#8221;31px&#8221; title_font_size_phone=&#8221;30px&#8221; title_font_size_last_edited=&#8221;on|phone&#8221;] Je vous accompagnerais pour que [&hellip;]<\/p>\n","protected":false},"author":2,"featured_media":0,"parent":0,"menu_order":0,"comment_status":"closed","ping_status":"closed","template":"","meta":{"_et_pb_use_builder":"on","_et_pb_old_content":"","_et_gb_content_width":""},"_links":{"self":[{"href":"https:\/\/latouchedesign.be\/index.php?rest_route=\/wp\/v2\/pages\/269"}],"collection":[{"href":"https:\/\/latouchedesign.be\/index.php?rest_route=\/wp\/v2\/pages"}],"about":[{"href":"https:\/\/latouchedesign.be\/index.php?rest_route=\/wp\/v2\/types\/page"}],"author":[{"embeddable":true,"href":"https:\/\/latouchedesign.be\/index.php?rest_route=\/wp\/v2\/users\/2"}],"replies":[{"embeddable":true,"href":"https:\/\/latouchedesign.be\/index.php?rest_route=%2Fwp%2Fv2%2Fcomments&post=269"}],"version-history":[{"count":45,"href":"https:\/\/latouchedesign.be\/index.php?rest_route=\/wp\/v2\/pages\/269\/revisions"}],"predecessor-version":[{"id":221722,"href":"https:\/\/latouchedesign.be\/index.php?rest_route=\/wp\/v2\/pages\/269\/revisions\/221722"}],"wp:attachment":[{"href":"https:\/\/latouchedesign.be\/index.php?rest_route=%2Fwp%2Fv2%2Fmedia&parent=269"}],"curies":[{"name":"wp","href":"https:\/\/api.w.org\/{rel}","templated":true}]}}